{"id":255,"date":"2018-12-07T12:14:08","date_gmt":"2018-12-07T12:14:08","guid":{"rendered":"https:\/\/dri.parisnanterre.fr\/spel\/?page_id=255"},"modified":"2024-07-09T10:40:13","modified_gmt":"2024-07-09T10:40:13","slug":"gsuite","status":"publish","type":"page","link":"https:\/\/dri.parisnanterre.fr\/spel\/gsuite\/","title":{"rendered":"Google Workspace for Education"},"content":{"rendered":"\n<h2 class=\"wp-block-heading\">Acc\u00e9der \u00e0 Google&nbsp;Workspace for Education en ligne<\/h2>\n\n\n\n<p>Tout d\u00e9tenteur d\u2019un <strong>compte Paris Nanterre actif<\/strong> \u2014 \u00e9tudiant\u00b7e, personnel administratif, enseignant\u00b7e (permanent\u00b7e comme vacataire) \u2014 peut acc\u00e9der en ligne \u00e0 l\u2019ensemble des outils Google\u00a0Workspace for Education et dispose d\u2019une capacit\u00e9 de stockage pour stocker ses fichiers et les partager avec d&rsquo;autres utilisateurs. Il vous suffit de vous connecter \u00e0 <strong><a aria-label=\"gsuite.parisnanterre.fr (s\u2019ouvre dans un nouvel onglet)\" href=\"http:\/\/gsuite.parisnanterre.fr\" target=\"_blank\" rel=\"noreferrer noopener\">gsuite.parisnanterre.fr<\/a> <\/strong>ou de cliquer sur le bouton ci-dessous :<\/p>\n\n\n\n<div class=\"wp-block-button aligncenter\"><a class=\"wp-block-button__link has-background\" href=\"http:\/\/gsuite.parisnanterre.fr\" style=\"background-color:#e5281b\" target=\"_blank\" rel=\"noopener noreferrer\">Connexion \u00e0 Google Workspace for Education (gsuite.parisnanterre.fr)<br><\/a><\/div>\n\n\n\n<p><br>Lorsque vous y \u00eates invit\u00e9\u00b7e, veuillez saisir l&rsquo;identifiant Google&nbsp;Workspace associ\u00e9 \u00e0 votre compte institutionnel. Cet identifiant est de la forme <strong>login@parisnanterre.fr<\/strong> (veillez \u00e0 ne pas oublier l&rsquo;extension @parisnanterre.fr), o\u00f9 \u00ab\u00a0login\u00a0\u00bb doit \u00eatre remplac\u00e9 par l&rsquo;identifiant que vous utilisez pour vous connecter au centre d&rsquo;authentification de l&rsquo;universit\u00e9 (CAS). Pour les \u00e9tudiant\u00b7e\u00b7s, il s&rsquo;agit de leur num\u00e9ro d&rsquo;\u00e9tudiant. <strong>Une fois valid\u00e9, vous serez redirig\u00e9\u00b7e vers la page du CAS de l&rsquo;universit\u00e9 o\u00f9 vous devrez  vous authentifier (avec vos identifiants institutionnels).<\/strong><\/p>\n\n\n\n<div class=\"wp-block-columns is-layout-flex wp-container-core-columns-is-layout-9d6595d7 wp-block-columns-is-layout-flex\">\n<div class=\"wp-block-column is-layout-flow wp-block-column-is-layout-flow\" style=\"flex-basis:12.5%\"><\/div>\n\n\n\n<div class=\"wp-block-column is-layout-flow wp-block-column-is-layout-flow\" style=\"flex-basis:37.5%\">\n<figure class=\"wp-block-image size-large\"><img loading=\"lazy\" decoding=\"async\" width=\"932\" height=\"1024\" src=\"https:\/\/dri.parisnanterre.fr\/spel\/wp-content\/uploads\/2019\/12\/Capture-d\u2019e\u0301cran-2019-12-11-a\u0300-13.41.22-932x1024.png\" alt=\"\" class=\"wp-image-619\" srcset=\"https:\/\/dri.parisnanterre.fr\/spel\/wp-content\/uploads\/2019\/12\/Capture-d\u2019e\u0301cran-2019-12-11-a\u0300-13.41.22-932x1024.png 932w, https:\/\/dri.parisnanterre.fr\/spel\/wp-content\/uploads\/2019\/12\/Capture-d\u2019e\u0301cran-2019-12-11-a\u0300-13.41.22-273x300.png 273w, https:\/\/dri.parisnanterre.fr\/spel\/wp-content\/uploads\/2019\/12\/Capture-d\u2019e\u0301cran-2019-12-11-a\u0300-13.41.22-768x844.png 768w, https:\/\/dri.parisnanterre.fr\/spel\/wp-content\/uploads\/2019\/12\/Capture-d\u2019e\u0301cran-2019-12-11-a\u0300-13.41.22.png 954w\" sizes=\"auto, (max-width: 932px) 100vw, 932px\" \/><\/figure>\n<\/div>\n\n\n\n<div class=\"wp-block-column is-vertically-aligned-center is-layout-flow wp-block-column-is-layout-flow\" style=\"flex-basis:24.99%\">\n<p>Vous aurez acc\u00e8s en ligne \u00e0 :<\/p>\n\n\n\n<ul class=\"wp-block-list\">\n<li>Drive<\/li>\n\n\n\n<li>Agenda<\/li>\n\n\n\n<li>Docs<\/li>\n\n\n\n<li>Sheets<\/li>\n\n\n\n<li>Slides<\/li>\n\n\n\n<li>Chat<\/li>\n\n\n\n<li>Meet<\/li>\n\n\n\n<li>Hangouts<\/li>\n\n\n\n<li>Sites<\/li>\n\n\n\n<li>Forms<\/li>\n\n\n\n<li>Classroom<\/li>\n<\/ul>\n<\/div>\n\n\n\n<div class=\"wp-block-column is-layout-flow wp-block-column-is-layout-flow\" style=\"flex-basis:25%\"><\/div>\n<\/div>\n\n\n\n<p class=\"has-very-light-gray-background-color has-background\">Si vous \u00eates d\u00e9j\u00e0 connect\u00e9\u00b7e \u00e0 un compte Google&nbsp;Workspace, l&rsquo;URL <strong><a rel=\"noreferrer noopener\" href=\"http:\/\/gsuite.parisnanterre.fr\" target=\"_blank\">gsuite.parisnanterre.fr<\/a><\/strong> va vous conduire directement sur le tableau de bord de ce compte, sans vous proposer l&rsquo;\u00e9cran de connexion ci-dessus. Allez dans le menu Google&nbsp;Workspace en haut \u00e0 droite du tableau de bord (accessible depuis l&rsquo;initiale incrust\u00e9e dans un rond de couleur) et ajoutez votre nouveau compte <strong>login@parisnanterre.fr<\/strong> (dans la liste d\u00e9roulante, cliquez sur <strong>Ajouter un compte<\/strong>). En cas de difficult\u00e9, d\u00e9connectez-vous de tous les comptes (cliquez sur <strong>Se d\u00e9connecter de tous les comptes<\/strong>) et suivez la proc\u00e9dure indiqu\u00e9e dans la pr\u00e9sente section.<\/p>\n\n\n\n<h2 class=\"wp-block-heading\">Utiliser Google&nbsp;Workspace for Education sur son smartphone<\/h2>\n\n\n\n<p>Votre compte Google&nbsp;Workspace peut \u00eatre utilis\u00e9 pour faire fonctionner les applications Google sur un smartphone, et notamment de mani\u00e8re native sous Android. Proc\u00e9dez comme indiqu\u00e9 ci-dessus afin d&rsquo;enregistrer votre compte sur votre smartphone (vous serez \u00e9galement amen\u00e9\u00b7e \u00e0 vous authentifier via le CAS).<\/p>\n\n\n\n<h2 class=\"wp-block-heading\">Installer Google Drive (File Stream) sur son ordinateur<\/h2>\n\n\n\n<p>Votre compte Google&nbsp;Workspace for Education vous permet de b\u00e9n\u00e9ficier du service Drive File&nbsp;Stream et d&rsquo;acc\u00e9der, depuis votre ordinateur, aux fichiers que vous aurez d\u00e9cid\u00e9 de stocker sur votre Drive. Afin d&rsquo;\u00e9conomiser de l&rsquo;espace disque, vous pouvez choisir de ne pas conserver de copie de (tout ou partie de) vos fichiers sur votre ordinateur :  ces fichiers restent accessibles et modifiables instantan\u00e9ment d\u00e8s lors que vous \u00eates connect\u00e9\u00b7e \u00e0 Internet. Vous pouvez \u00e9galement rendre les fichiers accessibles hors connexion : les fichiers modifi\u00e9s se synchronisent alors avec le cloud lorsque vous \u00eates en ligne, afin que la version la plus r\u00e9cente soit  disponible sur tous vos appareils.<\/p>\n\n\n\n<p>Pour installer Drive File Stream sur votre ordinateur :<\/p>\n\n\n\n<ol class=\"wp-block-list\">\n<li>Assurez-vous d&rsquo;\u00eatre connect\u00e9\u00b7e \u00e0 votre compte Google&nbsp;Workspace for Education.<\/li>\n\n\n\n<li>T\u00e9l\u00e9chargez le fichier correspondant \u00e0 votre syst\u00e8me d&rsquo;exploitation :\n<ul class=\"wp-block-list\">\n<li><a href=\"https:\/\/dl.google.com\/drive-file-stream\/googledrivefilestream.exe\">Pour les PC (Windows)<\/a><\/li>\n\n\n\n<li><a href=\"https:\/\/dl.google.com\/drive-file-stream\/googledrivefilestream.dmg\">Pour les Macs<\/a><\/li>\n<\/ul>\n<\/li>\n\n\n\n<li>Ex\u00e9cutez le fichier une fois le t\u00e9l\u00e9chargement termin\u00e9.<\/li>\n\n\n\n<li>Suivez les diff\u00e9rentes \u00e9tapes de l&rsquo;installation (pour certains utilisateurs, il vous sera peut-\u00eatre demand\u00e9 de saisir le mot de passe administrateur de votre machine personnelle).<\/li>\n\n\n\n<li>Il faut maintenant associer Drive File Stream avec votre compte Google&nbsp;Workspace for Education, \u00e0 l&rsquo;aide de votre identifiant  <strong>login@parisnanterre.fr<\/strong> (vous serez invit\u00e9\u00b7e \u00e0 vous authentifier via le CAS de l&rsquo;universit\u00e9).<\/li>\n<\/ol>\n\n\n\n<h2 class=\"wp-block-heading\">Acc\u00e9der \u00e0 sa messagerie \u00e9lectronique<\/h2>\n\n\n\n<p>La suite Google&nbsp;Workspace for Education offre un point d&rsquo;entr\u00e9e vers la messagerie des \u00e9tudiant\u00b7e\u00b7s et des membres du personnel. Cependant, ces dernier\u00b7e\u00b7s peuvent \u00e9galement acc\u00e9der <strong>directement<\/strong> \u00e0 leur courrier \u00e9lectronique de trois mani\u00e8res diff\u00e9rentes :<\/p>\n\n\n\n<ul class=\"wp-block-list\">\n<li>Depuis le web, en se connectant \u00e0 leur compte (via l&rsquo;URL de l&rsquo;universit\u00e9, soit <a href=\"http:\/\/edumail.parisnanterre.fr\">eduma<\/a><a aria-label=\"il.parisnanterre.fr (s\u2019ouvre dans un nouvel onglet)\" href=\"http:\/\/edumail.parisnanterre.fr\" target=\"_blank\" rel=\"noreferrer noopener\">il.parisnanterre.fr<\/a>, ou apr\u00e8s avoir s\u00e9lectionn\u00e9 ou enregistr\u00e9 votre compte institutionnel, via celle de Gmail, <a aria-label=\"gmail.google.com (s\u2019ouvre dans un nouvel onglet)\" href=\"http:\/\/gmail.google.com\" target=\"_blank\" rel=\"noreferrer noopener\">gmail.google.com<\/a>).<\/li>\n\n\n\n<li>Depuis un smartphone, en utilisant l&rsquo;application Gmail. Il convient alors de d\u00e9clarer votre compte Google&nbsp;Workspace comme indiqu\u00e9 \u00e0 la section \u00ab\u00a0Utiliser Google&nbsp;Workspace for Education sur son smartphone\u00a0\u00bb. Sur iPhone, si vous pr\u00e9f\u00e9rez utiliser l&rsquo;application de messagerie native, il convient de d\u00e9clarer le compte dans la rubrique \u00ab\u00a0R\u00e9glages\u00a0\u00bb : allez dans \u00ab\u00a0Mots de passe et comptes\u00a0\u00bb, cliquez sur \u00ab\u00a0Ajouter un compte\u00a0\u00bb (suivez ensuite les instructions de la section suivante).<\/li>\n\n\n\n<li>Depuis le client de messagerie par d\u00e9faut (Mail) de vos appareils Apple, en ajoutant un nouveau compte de type Google ou Gmail. Saisissez votre identifiant <strong>login@parisnanterre.fr<\/strong> et authentifiez-vous au CAS de l&rsquo;universit\u00e9. La configuration des param\u00e8tres du compte est automatique. Pour plus de d\u00e9tails, consultez <a aria-label=\"le tutoriel (s\u2019ouvre dans un nouvel onglet)\" href=\"https:\/\/support.apple.com\/fr-fr\/guide\/mail\/mail35803\/mac\" target=\"_blank\" rel=\"noreferrer noopener\">le tutoriel<\/a> du constructeur.<\/li>\n\n\n\n<li>Depuis un autre client de messagerie (e.g. Thunderbird ou Outlook), en  ajoutant un nouveau compte et en le param\u00e9trant manuellement. Pour Thunderbird, retrouvez <a aria-label=\"notre tutoriel pas-\u00e0-pas (s\u2019ouvre dans un nouvel onglet)\" href=\"https:\/\/dri.parisnanterre.fr\/spel\/index.php\/thunderbird\/\" target=\"_blank\" rel=\"noreferrer noopener\">notre tutoriel pas-\u00e0-pas<\/a>. Pour l&rsquo;ensemble des clients de messagerie, le param\u00e9trage manuel \u00e0 respecter est le suivant :<\/li>\n<\/ul>\n\n\n\n<p class=\"has-very-light-gray-background-color has-background\"><strong>Configuration du serveur IMAP (courrier entrant)<\/strong><br><br>Nom de l&rsquo;h\u00f4te \/ Nom du serveur : <strong>imap.gmail.com<\/strong><br>Nom d&rsquo;utilisateur \/ Login : <strong>login@parisnanterre.fr<\/strong><br>Mot de passe : <strong>**********<\/strong><br>Port : <strong>993<\/strong><br>Type de chiffrement \/ S\u00e9curit\u00e9 de connexion : <strong>SSL\/TLS<\/strong> (il peut s&rsquo;agir d&rsquo;une liste d\u00e9roulante ou d&rsquo;une case \u00e0 cocher)<br>M\u00e9thode d&rsquo;authentification : <strong>OAuth2<\/strong><\/p>\n\n\n\n<p class=\"has-very-light-gray-background-color has-background\"><strong>Configuration du serveur SMTP (courrier sortant)<\/strong><br><br>Nom de l&rsquo;h\u00f4te \/ Nom du serveur : <strong>smtp.gmail.com<\/strong><br>Nom d&rsquo;utilisateur \/ Login : <strong>login@parisnanterre.fr<\/strong><br>Mot de passe : <strong>**********<\/strong><br>Port : <strong>465<\/strong><br>Type de chiffrement \/ S\u00e9curit\u00e9 de connexion : <strong>SSL\/TLS<\/strong> (il peut s&rsquo;agir d&rsquo;une liste d\u00e9roulante ou d&rsquo;une case \u00e0 cocher)<br>M\u00e9thode d&rsquo;authentification : <strong>OAuth2<\/strong><\/p>\n\n\n<style>.wp-block-kadence-advancedbtn.kb-btns255_b5a3d4-c7{gap:var(--global-kb-gap-xs, 0.5rem );justify-content:center;align-items:center;}.kt-btns255_b5a3d4-c7 .kt-button{font-weight:normal;font-style:normal;}<\/style>\n<div class=\"wp-block-kadence-advancedbtn kb-buttons-wrap kb-btns255_b5a3d4-c7\"><style>ul.menu .wp-block-kadence-advancedbtn .kb-btn255_c943ac-3f.kb-button{width:initial;}.wp-block-kadence-advancedbtn .kb-btn255_c943ac-3f.kb-button{color:#000;background:#e5281b;border-top-left-radius:44px;border-top-right-radius:44px;border-bottom-right-radius:44px;border-bottom-left-radius:44px;border-top-color:#e5281b;border-top-style:solid;border-right-color:#e5281b;border-right-style:solid;border-bottom-color:#e5281b;border-bottom-style:solid;border-left-color:#e5281b;border-left-style:solid;}.wp-block-kadence-advancedbtn .kb-btn255_c943ac-3f.kb-button:hover, .wp-block-kadence-advancedbtn .kb-btn255_c943ac-3f.kb-button:focus{color:#ffffff;background:#444444;border-top-color:#444444;border-top-style:solid;border-right-color:#444444;border-right-style:solid;border-bottom-color:#444444;border-bottom-style:solid;border-left-color:#444444;border-left-style:solid;}@media all and (max-width: 1024px){.wp-block-kadence-advancedbtn .kb-btn255_c943ac-3f.kb-button{border-top-color:#e5281b;border-top-style:solid;border-right-color:#e5281b;border-right-style:solid;border-bottom-color:#e5281b;border-bottom-style:solid;border-left-color:#e5281b;border-left-style:solid;}}@media all and (max-width: 1024px){.wp-block-kadence-advancedbtn .kb-btn255_c943ac-3f.kb-button:hover, .wp-block-kadence-advancedbtn .kb-btn255_c943ac-3f.kb-button:focus{border-top-color:#444444;border-top-style:solid;border-right-color:#444444;border-right-style:solid;border-bottom-color:#444444;border-bottom-style:solid;border-left-color:#444444;border-left-style:solid;}}@media all and (max-width: 767px){.wp-block-kadence-advancedbtn .kb-btn255_c943ac-3f.kb-button{border-top-color:#e5281b;border-top-style:solid;border-right-color:#e5281b;border-right-style:solid;border-bottom-color:#e5281b;border-bottom-style:solid;border-left-color:#e5281b;border-left-style:solid;}.wp-block-kadence-advancedbtn .kb-btn255_c943ac-3f.kb-button:hover, .wp-block-kadence-advancedbtn .kb-btn255_c943ac-3f.kb-button:focus{border-top-color:#444444;border-top-style:solid;border-right-color:#444444;border-right-style:solid;border-bottom-color:#444444;border-bottom-style:solid;border-left-color:#444444;border-left-style:solid;}}<\/style><a class=\"kb-button kt-button button kb-btn255_c943ac-3f kt-btn-size-large kt-btn-width-type-auto kb-btn-global-outline  kt-btn-has-text-true kt-btn-has-svg-true  wp-block-kadence-singlebtn\" href=\"https:\/\/dri.parisnanterre.fr\/spel\/apprendre-a-utiliser-gsuite\/\"><span class=\"kt-btn-inner-text\">Apprendre \u00e0 utiliser Google\u00a0Workspace for Education<\/span><span class=\"kb-svg-icon-wrap kb-svg-icon-fas_arrow-circle-right kt-btn-icon-side-right\"><svg viewBox=\"0 0 512 512\"  fill=\"currentColor\" xmlns=\"http:\/\/www.w3.org\/2000\/svg\"  aria-hidden=\"true\"><path d=\"M256 8c137 0 248 111 248 248S393 504 256 504 8 393 8 256 119 8 256 8zm-28.9 143.6l75.5 72.4H120c-13.3 0-24 10.7-24 24v16c0 13.3 10.7 24 24 24h182.6l-75.5 72.4c-9.7 9.3-9.9 24.8-.4 34.3l11 10.9c9.4 9.4 24.6 9.4 33.9 0L404.3 273c9.4-9.4 9.4-24.6 0-33.9L271.6 106.3c-9.4-9.4-24.6-9.4-33.9 0l-11 10.9c-9.5 9.6-9.3 25.1.4 34.4z\"\/><\/svg><\/span><\/a><\/div>\n","protected":false},"excerpt":{"rendered":"<p>Acc\u00e9der \u00e0 Google&nbsp;Workspace for Education en ligne Tout d\u00e9tenteur d\u2019un compte Paris Nanterre actif \u2014 \u00e9tudiant\u00b7e, personnel administratif, enseignant\u00b7e (permanent\u00b7e &hellip; <a href=\"https:\/\/dri.parisnanterre.fr\/spel\/gsuite\/\">Lire la suite<\/a><\/p>\n","protected":false},"author":1,"featured_media":0,"parent":0,"menu_order":0,"comment_status":"closed","ping_status":"closed","template":"","meta":{"kt_blocks_editor_width":"","_kad_blocks_custom_css":"","_kad_blocks_head_custom_js":"","_kad_blocks_body_custom_js":"","_kad_blocks_footer_custom_js":"","footnotes":""},"class_list":["post-255","page","type-page","status-publish","hentry"],"taxonomy_info":[],"featured_image_src_large":false,"author_info":{"display_name":"admin","author_link":"https:\/\/dri.parisnanterre.fr\/spel\/author\/scarella\/"},"comment_info":0,"_links":{"self":[{"href":"https:\/\/dri.parisnanterre.fr\/spel\/wp-json\/wp\/v2\/pages\/255","targetHints":{"allow":["GET"]}}],"collection":[{"href":"https:\/\/dri.parisnanterre.fr\/spel\/wp-json\/wp\/v2\/pages"}],"about":[{"href":"https:\/\/dri.parisnanterre.fr\/spel\/wp-json\/wp\/v2\/types\/page"}],"author":[{"embeddable":true,"href":"https:\/\/dri.parisnanterre.fr\/spel\/wp-json\/wp\/v2\/users\/1"}],"replies":[{"embeddable":true,"href":"https:\/\/dri.parisnanterre.fr\/spel\/wp-json\/wp\/v2\/comments?post=255"}],"version-history":[{"count":48,"href":"https:\/\/dri.parisnanterre.fr\/spel\/wp-json\/wp\/v2\/pages\/255\/revisions"}],"predecessor-version":[{"id":969,"href":"https:\/\/dri.parisnanterre.fr\/spel\/wp-json\/wp\/v2\/pages\/255\/revisions\/969"}],"wp:attachment":[{"href":"https:\/\/dri.parisnanterre.fr\/spel\/wp-json\/wp\/v2\/media?parent=255"}],"curies":[{"name":"wp","href":"https:\/\/api.w.org\/{rel}","templated":true}]}}