{"id":930,"date":"2020-07-21T16:11:01","date_gmt":"2020-07-21T16:11:01","guid":{"rendered":"https:\/\/dri.parisnanterre.fr\/spel\/?page_id=930"},"modified":"2026-04-13T10:13:44","modified_gmt":"2026-04-13T10:13:44","slug":"accueil","status":"publish","type":"page","link":"https:\/\/dri.parisnanterre.fr\/spel\/","title":{"rendered":"accueil"},"content":{"rendered":"\n<h2 class=\"wp-block-heading has-text-align-center\">voir la documentation <\/h2>\n\n\n<style>.kb-row-layout-id930_ae13b8-5c > .kt-row-column-wrap{align-content:start;}:where(.kb-row-layout-id930_ae13b8-5c > .kt-row-column-wrap) > .wp-block-kadence-column{justify-content:start;}.kb-row-layout-id930_ae13b8-5c > .kt-row-column-wrap{column-gap:var(--global-kb-gap-md, 2rem);row-gap:var(--global-kb-gap-md, 2rem);max-width:1140px;margin-left:auto;margin-right:auto;padding-top:10px;padding-bottom:10px;grid-template-columns:repeat(2, minmax(0, 1fr));}.kb-row-layout-id930_ae13b8-5c{background-color:#f9f9f9;}.kb-row-layout-id930_ae13b8-5c > .kt-row-layout-overlay{opacity:0.30;}@media all and (max-width: 1024px){.kb-row-layout-id930_ae13b8-5c > .kt-row-column-wrap{grid-template-columns:repeat(2, minmax(0, 1fr));}}@media all and (max-width: 767px){.kb-row-layout-id930_ae13b8-5c > .kt-row-column-wrap{grid-template-columns:minmax(0, 1fr);}}<\/style><div class=\"kb-row-layout-wrap kb-row-layout-id930_ae13b8-5c alignfull kt-row-has-bg wp-block-kadence-rowlayout\"><div class=\"kt-row-column-wrap kt-has-2-columns kt-row-layout-equal kt-tab-layout-inherit kt-mobile-layout-row kt-row-valign-top\">\n<style>.kadence-column930_b0261e-f4 > .kt-inside-inner-col,.kadence-column930_b0261e-f4 > .kt-inside-inner-col:before{border-top-left-radius:0px;border-top-right-radius:0px;border-bottom-right-radius:0px;border-bottom-left-radius:0px;}.kadence-column930_b0261e-f4 > .kt-inside-inner-col{column-gap:var(--global-kb-gap-sm, 1rem);}.kadence-column930_b0261e-f4 > .kt-inside-inner-col{flex-direction:column;}.kadence-column930_b0261e-f4 > .kt-inside-inner-col > .aligncenter{width:100%;}.kadence-column930_b0261e-f4 > .kt-inside-inner-col:before{opacity:0.3;}.kadence-column930_b0261e-f4{position:relative;}@media all and (max-width: 1024px){.kadence-column930_b0261e-f4 > .kt-inside-inner-col{flex-direction:column;justify-content:center;}}@media all and (max-width: 767px){.kadence-column930_b0261e-f4 > .kt-inside-inner-col{flex-direction:column;justify-content:center;}}<\/style>\n<div class=\"wp-block-kadence-column kadence-column930_b0261e-f4 inner-column-1\"><div class=\"kt-inside-inner-col\"><style>.wp-block-kadence-column.kb-section-dir-horizontal > .kt-inside-inner-col > .kt-info-box930_908d0e-7d .kt-blocks-info-box-link-wrap{max-width:unset;}.kt-info-box930_908d0e-7d .kt-blocks-info-box-link-wrap{border-top:5px solid #f0b429;border-top-left-radius:0px;border-top-right-radius:0px;border-bottom-right-radius:0px;border-bottom-left-radius:0px;background:#ffffff;padding-top:20px;padding-right:20px;padding-bottom:20px;padding-left:20px;}.kt-info-box930_908d0e-7d .kt-blocks-info-box-link-wrap:hover{background:#ffffff;}.kt-info-box930_908d0e-7d .kadence-info-box-icon-container .kt-info-svg-icon, .kt-info-box930_908d0e-7d .kt-info-svg-icon-flip, .kt-info-box930_908d0e-7d .kt-blocks-info-box-number{font-size:50px;}.kt-info-box930_908d0e-7d .kt-blocks-info-box-media{color:#f0b429;background:#fff3c4;border-color:#444444;border-radius:200px;overflow:hidden;border-top-width:0px;border-right-width:0px;border-bottom-width:0px;border-left-width:0px;padding-top:26px;padding-right:26px;padding-bottom:26px;padding-left:26px;}.kt-info-box930_908d0e-7d .kt-blocks-info-box-media-container{margin-top:5px;margin-right:15px;margin-bottom:15px;margin-left:15px;}.kt-info-box930_908d0e-7d .kt-blocks-info-box-media .kadence-info-box-image-intrisic img{border-radius:200px;}.kt-info-box930_908d0e-7d .kt-blocks-info-box-link-wrap:hover .kt-blocks-info-box-media{color:#f0b429;background:#fff3c4;border-color:#444444;}.kt-info-box930_908d0e-7d .kt-infobox-textcontent h4.kt-blocks-info-box-title{color:#f0b429;font-size:24px;line-height:26px;font-family:Montserrat;font-style:normal;font-weight:700;padding-top:0px;padding-right:0px;padding-bottom:0px;padding-left:0px;margin-top:5px;margin-right:0px;margin-bottom:10px;margin-left:0px;}.kt-info-box930_908d0e-7d .kt-blocks-info-box-link-wrap:hover h4.kt-blocks-info-box-title{color:#f0b429;}.kt-info-box930_908d0e-7d .kt-infobox-textcontent .kt-blocks-info-box-text{color:#545e69;}.kt-info-box930_908d0e-7d .kt-blocks-info-box-link-wrap:hover .kt-blocks-info-box-text{color:#545e69;}.kt-info-box930_908d0e-7d .kt-blocks-info-box-learnmore{color:#4a627b;background:#ffffff;border-color:#e4e8ec;font-size:14px;font-family:Montserrat;font-style:normal;font-weight:600;border-width:1px 0px 0px 0px;padding-top:20px;padding-right:8px;padding-bottom:4px;padding-left:8px;margin-top:25px;margin-right:0px;margin-bottom:10px;margin-left:0px;}.kt-info-box930_908d0e-7d .kt-blocks-info-box-link-wrap:hover .kt-blocks-info-box-learnmore,.kt-info-box930_908d0e-7d .kt-blocks-info-box-link-wrap .kt-blocks-info-box-learnmore:focus{color:#4a627b;background:#ffffff;border-color:#e4e8ec;}.kt-info-box930_908d0e-7d .kt-blocks-info-box-link-wrap{box-shadow:0px 0px 1px 0px rgba(0, 0, 0, 0.2);}.kt-info-box930_908d0e-7d .kt-blocks-info-box-link-wrap:hover{box-shadow:0px 0px 14px 0px rgba(0, 0, 0, 0.2);}@media all and (max-width: 1024px){.kt-info-box930_908d0e-7d .kt-blocks-info-box-link-wrap{border-top:5px solid #f0b429;box-shadow:0px 0px 1px 0px rgba(0, 0, 0, 0.2);}}@media all and (max-width: 1024px){.kt-info-box930_908d0e-7d .kt-blocks-info-box-link-wrap:hover{box-shadow:0px 0px 14px 0px rgba(0, 0, 0, 0.2);}}@media all and (max-width: 767px){.kt-info-box930_908d0e-7d .kt-blocks-info-box-link-wrap{border-top:5px solid #f0b429;box-shadow:0px 0px 1px 0px rgba(0, 0, 0, 0.2);}.kt-info-box930_908d0e-7d .kt-blocks-info-box-link-wrap:hover{box-shadow:0px 0px 14px 0px rgba(0, 0, 0, 0.2);}}<\/style>\n<div class=\"wp-block-kadence-infobox kt-info-box930_908d0e-7d\"><a class=\"kt-blocks-info-box-link-wrap info-box-link kt-blocks-info-box-media-align-top kt-info-halign-center\" href=\"https:\/\/dri.parisnanterre.fr\/spel\/apprendre-a-utiliser-gsuite\/\"><div class=\"kt-blocks-info-box-media-container\"><div class=\"kt-blocks-info-box-media kt-info-media-animate-none\"><div class=\"kadence-info-box-icon-container kt-info-icon-animate-none\"><div class=\"kadence-info-box-icon-inner-container\"><span class=\"kb-svg-icon-wrap kb-svg-icon-fas_pencil-ruler kt-info-svg-icon\"><svg viewBox=\"0 0 512 512\"  fill=\"currentColor\" xmlns=\"http:\/\/www.w3.org\/2000\/svg\"  aria-hidden=\"true\"><path d=\"M109.46 244.04l134.58-134.56-44.12-44.12-61.68 61.68a7.919 7.919 0 0 1-11.21 0l-11.21-11.21c-3.1-3.1-3.1-8.12 0-11.21l61.68-61.68-33.64-33.65C131.47-3.1 111.39-3.1 99 9.29L9.29 99c-12.38 12.39-12.39 32.47 0 44.86l100.17 100.18zm388.47-116.8c18.76-18.76 18.75-49.17 0-67.93l-45.25-45.25c-18.76-18.76-49.18-18.76-67.95 0l-46.02 46.01 113.2 113.2 46.02-46.03zM316.08 82.71l-297 296.96L.32 487.11c-2.53 14.49 10.09 27.11 24.59 24.56l107.45-18.84L429.28 195.9 316.08 82.71zm186.63 285.43l-33.64-33.64-61.68 61.68c-3.1 3.1-8.12 3.1-11.21 0l-11.21-11.21c-3.09-3.1-3.09-8.12 0-11.21l61.68-61.68-44.14-44.14L267.93 402.5l100.21 100.2c12.39 12.39 32.47 12.39 44.86 0l89.71-89.7c12.39-12.39 12.39-32.47 0-44.86z\"\/><\/svg><\/span><\/div><\/div><\/div><\/div><div class=\"kt-infobox-textcontent\"><h4 class=\"kt-blocks-info-box-title\">Google&nbsp;Workspace for Education<\/h4><p class=\"kt-blocks-info-box-text\">acc\u00e9dez \u00e0 la documentation mise \u00e0 disposition par l&rsquo;\u00e9diteur<\/p><\/div><\/a><\/div>\n<\/div><\/div>\n\n\n<style>.kadence-column930_84e897-62 > .kt-inside-inner-col,.kadence-column930_84e897-62 > .kt-inside-inner-col:before{border-top-left-radius:0px;border-top-right-radius:0px;border-bottom-right-radius:0px;border-bottom-left-radius:0px;}.kadence-column930_84e897-62 > .kt-inside-inner-col{column-gap:var(--global-kb-gap-sm, 1rem);}.kadence-column930_84e897-62 > .kt-inside-inner-col{flex-direction:column;}.kadence-column930_84e897-62 > .kt-inside-inner-col > .aligncenter{width:100%;}.kadence-column930_84e897-62 > .kt-inside-inner-col:before{opacity:0.3;}.kadence-column930_84e897-62{position:relative;}@media all and (max-width: 1024px){.kadence-column930_84e897-62 > .kt-inside-inner-col{flex-direction:column;justify-content:center;}}@media all and (max-width: 767px){.kadence-column930_84e897-62 > .kt-inside-inner-col{flex-direction:column;justify-content:center;}}<\/style>\n<div class=\"wp-block-kadence-column kadence-column930_84e897-62 inner-column-2\"><div class=\"kt-inside-inner-col\"><style>.wp-block-kadence-column.kb-section-dir-horizontal > .kt-inside-inner-col > .kt-info-box930_6574bc-fe .kt-blocks-info-box-link-wrap{max-width:unset;}.kt-info-box930_6574bc-fe .kt-blocks-info-box-link-wrap{border-top:5px solid #186faf;border-top-left-radius:0px;border-top-right-radius:0px;border-bottom-right-radius:0px;border-bottom-left-radius:0px;background:#ffffff;padding-top:20px;padding-right:20px;padding-bottom:20px;padding-left:20px;}.kt-info-box930_6574bc-fe .kt-blocks-info-box-link-wrap:hover{background:#ffffff;}.kt-info-box930_6574bc-fe .kadence-info-box-icon-container .kt-info-svg-icon, .kt-info-box930_6574bc-fe .kt-info-svg-icon-flip, .kt-info-box930_6574bc-fe .kt-blocks-info-box-number{font-size:50px;}.kt-info-box930_6574bc-fe .kt-blocks-info-box-media{color:#186faf;background:#dceefb;border-color:#444444;border-radius:200px;overflow:hidden;border-top-width:0px;border-right-width:0px;border-bottom-width:0px;border-left-width:0px;padding-top:26px;padding-right:26px;padding-bottom:26px;padding-left:26px;}.kt-info-box930_6574bc-fe .kt-blocks-info-box-media-container{margin-top:5px;margin-right:15px;margin-bottom:15px;margin-left:15px;}.kt-info-box930_6574bc-fe .kt-blocks-info-box-media .kadence-info-box-image-intrisic img{border-radius:200px;}.kt-info-box930_6574bc-fe .kt-blocks-info-box-link-wrap:hover .kt-blocks-info-box-media{color:#186faf;background:#dceefb;border-color:#444444;}.kt-info-box930_6574bc-fe .kt-infobox-textcontent h4.kt-blocks-info-box-title{color:#186faf;font-size:24px;line-height:26px;font-family:Montserrat;font-style:normal;font-weight:700;padding-top:0px;padding-right:0px;padding-bottom:0px;padding-left:0px;margin-top:5px;margin-right:0px;margin-bottom:10px;margin-left:0px;}.kt-info-box930_6574bc-fe .kt-blocks-info-box-link-wrap:hover h4.kt-blocks-info-box-title{color:#186faf;}.kt-info-box930_6574bc-fe .kt-infobox-textcontent .kt-blocks-info-box-text{color:#545e69;}.kt-info-box930_6574bc-fe .kt-blocks-info-box-link-wrap:hover .kt-blocks-info-box-text{color:#545e69;}.kt-info-box930_6574bc-fe .kt-blocks-info-box-learnmore{color:#4a627b;background:#ffffff;border-color:#e4e8ec;font-size:14px;font-family:Montserrat;font-style:normal;font-weight:600;border-width:1px 0px 0px 0px;padding-top:20px;padding-right:8px;padding-bottom:4px;padding-left:8px;margin-top:25px;margin-right:0px;margin-bottom:10px;margin-left:0px;}.kt-info-box930_6574bc-fe .kt-blocks-info-box-link-wrap:hover .kt-blocks-info-box-learnmore,.kt-info-box930_6574bc-fe .kt-blocks-info-box-link-wrap .kt-blocks-info-box-learnmore:focus{color:#4a627b;background:#ffffff;border-color:#e4e8ec;}.kt-info-box930_6574bc-fe .kt-blocks-info-box-link-wrap{box-shadow:0px 0px 1px 0px rgba(0, 0, 0, 0.2);}.kt-info-box930_6574bc-fe .kt-blocks-info-box-link-wrap:hover{box-shadow:0px 0px 14px 0px rgba(0, 0, 0, 0.2);}@media all and (max-width: 1024px){.kt-info-box930_6574bc-fe .kt-blocks-info-box-link-wrap{border-top:5px solid #186faf;box-shadow:0px 0px 1px 0px rgba(0, 0, 0, 0.2);}}@media all and (max-width: 1024px){.kt-info-box930_6574bc-fe .kt-blocks-info-box-link-wrap:hover{box-shadow:0px 0px 14px 0px rgba(0, 0, 0, 0.2);}}@media all and (max-width: 767px){.kt-info-box930_6574bc-fe .kt-blocks-info-box-link-wrap{border-top:5px solid #186faf;box-shadow:0px 0px 1px 0px rgba(0, 0, 0, 0.2);}.kt-info-box930_6574bc-fe .kt-blocks-info-box-link-wrap:hover{box-shadow:0px 0px 14px 0px rgba(0, 0, 0, 0.2);}}<\/style>\n<div class=\"wp-block-kadence-infobox kt-info-box930_6574bc-fe\"><a class=\"kt-blocks-info-box-link-wrap info-box-link kt-blocks-info-box-media-align-top kt-info-halign-center\" href=\"https:\/\/dri.parisnanterre.fr\/spel\/15-2\/office365\/apprendre-a-utiliser-office-365\/\"><div class=\"kt-blocks-info-box-media-container\"><div class=\"kt-blocks-info-box-media kt-info-media-animate-none\"><div class=\"kadence-info-box-icon-container kt-info-icon-animate-none\"><div class=\"kadence-info-box-icon-inner-container\"><span class=\"kb-svg-icon-wrap kb-svg-icon-fas_paper-plane kt-info-svg-icon\"><svg viewBox=\"0 0 512 512\"  fill=\"currentColor\" xmlns=\"http:\/\/www.w3.org\/2000\/svg\"  aria-hidden=\"true\"><path d=\"M476 3.2L12.5 270.6c-18.1 10.4-15.8 35.6 2.2 43.2L121 358.4l287.3-253.2c5.5-4.9 13.3 2.6 8.6 8.3L176 407v80.5c0 23.6 28.5 32.9 42.5 15.8L282 426l124.6 52.2c14.2 6 30.4-2.9 33-18.2l72-432C515 7.8 493.3-6.8 476 3.2z\"\/><\/svg><\/span><\/div><\/div><\/div><\/div><div class=\"kt-infobox-textcontent\"><h4 class=\"kt-blocks-info-box-title\">Office 365<\/h4><p class=\"kt-blocks-info-box-text\">acc\u00e9dez \u00e0 la documentation mise \u00e0 disposition par l&rsquo;\u00e9diteur<\/p><\/div><\/a><\/div>\n<\/div><\/div>\n\n<\/div><\/div>\n\n<style>.wp-block-kadence-spacer.kt-block-spacer-_7d3b11-78 .kt-block-spacer{height:60px;}.wp-block-kadence-spacer.kt-block-spacer-_7d3b11-78 .kt-divider{border-top-width:1px;height:1px;border-top-color:#eee;width:80%;border-top-style:solid;}<\/style>\n<div class=\"wp-block-kadence-spacer aligncenter kt-block-spacer-_7d3b11-78\"><div class=\"kt-block-spacer kt-block-spacer-halign-center\" style=\"height:60px\"><hr class=\"kt-divider\" style=\"border-top-color:rgba(238, 238, 238, 1);border-top-width:1px;width:80%;border-top-style:solid\"\/><\/div><\/div>\n","protected":false},"excerpt":{"rendered":"<p>voir la documentation<\/p>\n","protected":false},"author":1,"featured_media":0,"parent":0,"menu_order":0,"comment_status":"closed","ping_status":"closed","template":"","meta":{"kt_blocks_editor_width":"","_kad_blocks_custom_css":"","_kad_blocks_head_custom_js":"","_kad_blocks_body_custom_js":"","_kad_blocks_footer_custom_js":"","footnotes":""},"class_list":["post-930","page","type-page","status-publish","hentry"],"taxonomy_info":[],"featured_image_src_large":false,"author_info":{"display_name":"admin","author_link":"https:\/\/dri.parisnanterre.fr\/spel\/author\/scarella\/"},"comment_info":0,"_links":{"self":[{"href":"https:\/\/dri.parisnanterre.fr\/spel\/wp-json\/wp\/v2\/pages\/930","targetHints":{"allow":["GET"]}}],"collection":[{"href":"https:\/\/dri.parisnanterre.fr\/spel\/wp-json\/wp\/v2\/pages"}],"about":[{"href":"https:\/\/dri.parisnanterre.fr\/spel\/wp-json\/wp\/v2\/types\/page"}],"author":[{"embeddable":true,"href":"https:\/\/dri.parisnanterre.fr\/spel\/wp-json\/wp\/v2\/users\/1"}],"replies":[{"embeddable":true,"href":"https:\/\/dri.parisnanterre.fr\/spel\/wp-json\/wp\/v2\/comments?post=930"}],"version-history":[{"count":12,"href":"https:\/\/dri.parisnanterre.fr\/spel\/wp-json\/wp\/v2\/pages\/930\/revisions"}],"predecessor-version":[{"id":979,"href":"https:\/\/dri.parisnanterre.fr\/spel\/wp-json\/wp\/v2\/pages\/930\/revisions\/979"}],"wp:attachment":[{"href":"https:\/\/dri.parisnanterre.fr\/spel\/wp-json\/wp\/v2\/media?parent=930"}],"curies":[{"name":"wp","href":"https:\/\/api.w.org\/{rel}","templated":true}]}}